{"id":27,"date":"2022-02-11T18:30:09","date_gmt":"2022-02-11T17:30:09","guid":{"rendered":"https:\/\/web-site-service.de\/beispiel-2\/?page_id=27"},"modified":"2022-07-30T12:35:31","modified_gmt":"2022-07-30T10:35:31","slug":"algarve-transport-service","status":"publish","type":"page","link":"https:\/\/web-site-service.de\/beispiel-2\/","title":{"rendered":"Startseite-de"},"content":{"rendered":"<p><!--Deutsch - - -Start - - - - - -Algarve-Transport-Service - - - - - -Deutsch--><\/p>\n<div class=\"content-oben\">\n<h1>Beispielseite - International<\/h1>\n<div class=\"vollbild\">\n  <picture><source srcset=\"https:\/\/web-site-service.de\/beispiel-2\/wp-content\/uploads\/sites\/3\/2022\/04\/auto-header-mercedes-2472988_1100-4.webp\" type=\"image\/webp\"><img decoding=\"async\" loading=\"lazy\" src=\"https:\/\/web-site-service.de\/beispiel-2\/wp-content\/uploads\/sites\/3\/2022\/04\/auto-header-mercedes-2472988_1100-4-1.png\" title=\"Limousinen-Service\" alt=\"Firmenname - Transportservice der Algarve\" width=\"980\" height=\"247\">\n  <\/picture>\n<\/div>\n<h2>Dieses Beispiel ist f\u00fcr mehrere Sprachen ausgelegt<\/h2>\n<p><b>Besonderheiten dieser Seite:<\/b><br \/>\nZu jeder Sprache kann die Beschriftung des Logos (oben links) ge\u00e4ndert werden. Das bedeutet, zu jeder Sprache sollte ein entsprechendes Logo vorhanden sein.<\/p>\n<p>Beim Zusammenschieben des Fensters flie\u00dft der Text immer gut lesbar um das Foto herum. Dabei ver\u00e4ndert das Foto hin und wieder die Gr\u00f6\u00dfe. Ab 300 Pixel Bildschirmbreite hat das Foto volle Gr\u00f6\u00dfe.<\/p>\n<p>Ebenso ver\u00e4ndert sich die Anordnung der unteren grauen Boxen mit deren Inhalt, damit die Seite in jeder Bildschirmgr\u00f6\u00dfe korrekt angezeigt wird.<\/p>\n<p>Bei der unteren grauen Box \"Unser Fuhrpark\" sind die 6 Fotos als Popup eingebaut, d.h. beim Klick auf eines der Fotos wird der Bildschirm ausgegraut und es erscheint das Foto in Originalgr\u00f6\u00dfe.<\/p>\n<p>Die Seiten in einer Zweit- oder Drittsprache sind nicht im Pauschalangebot enthalten. Jede Seite in einer anderen Sprache wird mit 80 Euro berechnet. Die Texte, Linktexte und Bildtexte sind dabei vom Auftraggeber bereit zu stellen!<\/p>\n<div class=\"bildbox\">\n  <picture><source class=\"img-bildbox\" srcset=\"https:\/\/web-site-service.de\/beispiel-2\/wp-content\/uploads\/sites\/3\/2022\/03\/auto-wedding-car-2461824_350-75.webp\" type=\"image\/webp\"><img decoding=\"async\" loading=\"lazy\" class=\"img-bildbox\" src=\"https:\/\/web-site-service.de\/beispiel-2\/wp-content\/uploads\/sites\/3\/2022\/02\/auto-wedding-car-2461824_350.jpg\" title=\"Firmenname - Limousinen-Service der Algarve\" alt=\"Foto Firmenname - Transportservice der Algarve\" width=\"350\" height=\"233\">\n  <\/picture>\n<img decoding=\"async\" loading=\"lazy\" class=\"bildschatten\" src=\"https:\/\/web-site-service.de\/beispiel-2\/wp-content\/uploads\/sites\/3\/2022\/02\/Schatten-von-Slider-350px.png\" title=\"Firmenname - Limousinen-Service der Algarve\" alt=\"Foto Firmenname - Transportservice der Algarve\" width=\"350\" height=\"16\">\n<\/div>\n<p>Lorem ipsum dolor sit amet, consectetur adipiscing elit. Nunc imperdiet rhoncus arcu non aliquet. Lorem ipsum dolor sit amet, consectetur adipiscing elit. Nunc imperdiet rhoncus arcu non aliquet.<\/p>\n<p>Lorem ipsum dolor sit amet, consectetur adipiscing elit. Nunc imperdiet rhoncus arcu non aliquet. Lorem ipsum dolor sit amet, consectetur adipiscing elit. Nunc imperdiet rhoncus arcu non aliquet.<\/p>\n<\/div>\n<div data-post-id=\"29\" class=\"insert-page insert-page-29 \"><h1 class='insert-page-title'>Footer-de<\/h1><p><!-- - -Deutsch- - - -footer-de- - - -id=29- - - - - - - -Deutsch--><\/p>\n<div class=\"leerplatz\"><\/div>\n<div class=\"content-unten\">\n<div class=\"unten-flexbox-cont\">\n<div class=\"unten-box-links\">\n<div id=\"bilderrahmen\">\n<h2><span class=\"farbe-h2-footer\">Unser Fuhrpark<\/span><\/h2>\n<p class=\"weiss\">Einige Beispiele:<\/p>\n<div class=\"test-bildbox\">\n<div id=\"pic1\" class=\"pop-container\">\n<p><a href=\"#popup1\" title=\"Ins Foto klicken f\u00fcr ein gro\u00dfes Foto\"><img decoding=\"async\" class=\"pic-small\" loading=\"lazy\" src=\"https:\/\/web-site-service.de\/beispiel-2\/wp-content\/uploads\/sites\/3\/2022\/02\/auto-stretch-limousine-th-80.jpg\" alt=\"Kleines Foto Limousine\" width=\"120\" height=\"80\"><\/a><\/p>\n<div id=\"popup1\" class=\"overlay\">\n<div class=\"popup\">\n\t\t<img decoding=\"async\" class=\"pic-big\" title=\"Gro\u00dfe Foto der Limousine\" loading=\"lazy\" src=\"https:\/\/web-site-service.de\/beispiel-2\/wp-content\/uploads\/sites\/3\/2022\/02\/auto-stretch-limousine-big.jpg\" alt=\"Gro\u00dfes Foto Limousine\" width=\"640\" height=\"452\"><br \/>\n\t\t<a class=\"close\" href=\"#pic1\">&times;<\/a>\n\t  <\/div>\n<\/div><\/div>\n<div id=\"pic2\" class=\"pop-container\">\n<p><a href=\"#popup2\" title=\"Ins Foto klicken f\u00fcr ein gro\u00dfes Foto\"><img decoding=\"async\" class=\"pic-small\" loading=\"lazy\" src=\"https:\/\/web-site-service.de\/beispiel-2\/wp-content\/uploads\/sites\/3\/2022\/02\/auto-rolls-royce-th.jpg\" alt=\"kleines Foto Rolls Royce\" width=\"120\" height=\"80\"><\/a><\/p>\n<div id=\"popup2\" class=\"overlay\">\n<div class=\"popup\">\n\t\t<img decoding=\"async\" class=\"pic-big\" title=\"Gro\u00dfes Foto vom Rolls-Royce\" loading=\"lazy\" src=\"https:\/\/web-site-service.de\/beispiel-2\/wp-content\/uploads\/sites\/3\/2022\/02\/auto-rolls-royce-big.jpg\" alt=\"Grosses Foto Rolls-Royce\" width=\"640\" height=\"427\"><br \/>\n\t\t<a class=\"close\" href=\"#pic2\">&times;<\/a>\n\t   <\/div>\n<\/div><\/div>\n<div id=\"pic3\" class=\"pop-container\">\n<p><a href=\"#popup3\" title=\"Ins Foto klicken f\u00fcr ein gro\u00dfes Foto\"><img decoding=\"async\" class=\"pic-small\" loading=\"lazy\" src=\"https:\/\/web-site-service.de\/beispiel-2\/wp-content\/uploads\/sites\/3\/2022\/02\/auto-oltimer-th-80.jpg\" alt=\"Kleines Foto vom Oldtimer\" width=\"120\" height=\"80\"><\/a><\/p>\n<div id=\"popup3\" class=\"overlay\">\n<div class=\"popup\">\n\t\t<img decoding=\"async\" class=\"pic-big\" title=\"Gro\u00dfes Foto des Oldtimers\" loading=\"lazy\" src=\"https:\/\/web-site-service.de\/beispiel-2\/wp-content\/uploads\/sites\/3\/2022\/02\/auto-oltimer-big.jpg\" alt=\"Grosses Foto Oldtimer\" width=\"640\" height=\"406\"><br \/>\n\t\t<a class=\"close\" href=\"#pic3\">&times;<\/a>\n\t   <\/div>\n<\/div><\/div>\n<div id=\"pic4\" class=\"pop-container\">\n<p><a href=\"#popup4\" title=\"Ins Foto klicken f\u00fcr ein gro\u00dfes Foto\"><img decoding=\"async\" class=\"pic-small\" loading=\"lazy\" src=\"https:\/\/web-site-service.de\/beispiel-2\/wp-content\/uploads\/sites\/3\/2022\/02\/auto-limo1-th-80.jpg\" alt=\"Kleines Foto Limousine weiss\" width=\"120\" height=\"80\"><\/a><\/p>\n<div id=\"popup4\" class=\"overlay\">\n<div class=\"popup\">\n\t\t<img decoding=\"async\" class=\"pic-big\" title=\"Gro\u00dfes Foto Limousine wei\u00df\" loading=\"lazy\" src=\"https:\/\/web-site-service.de\/beispiel-2\/wp-content\/uploads\/sites\/3\/2022\/02\/auto-limo1-big.jpg\" alt=\"Grosses Foto Limousine weiss\" width=\"640\" height=\"480\"><br \/>\n\t\t<a class=\"close\" href=\"#pic4\">&times;<\/a>\n\t   <\/div>\n<\/div><\/div>\n<div id=\"pic5\" class=\"pop-container\">\n<p><a href=\"#popup5\" title=\"Ins Foto klicken f\u00fcr ein gro\u00dfes Foto\"><img decoding=\"async\" class=\"pic-small\" loading=\"lazy\" src=\"https:\/\/web-site-service.de\/beispiel-2\/wp-content\/uploads\/sites\/3\/2022\/02\/auto-gmc-th.jpg\" alt=\"Kleines Foto Gmc\" width=\"120\" height=\"80\"><\/a><\/p>\n<div id=\"popup5\" class=\"overlay\">\n<div class=\"popup\">\n\t\t<img decoding=\"async\" class=\"pic-big\" title=\"Gro\u00dfes Foto GMC\" loading=\"lazy\" src=\"https:\/\/web-site-service.de\/beispiel-2\/wp-content\/uploads\/sites\/3\/2022\/02\/auto-gmc-big.jpg\" alt=\"Grosses Foto GMC\" width=\"640\" height=\"427\"><br \/>\n\t\t<a class=\"close\" href=\"#pic5\">&times;<\/a>\n\t   <\/div>\n<\/div><\/div>\n<div id=\"pic6\" class=\"pop-container\">\n<p><a href=\"#popup6\" title=\"Ins Foto klicken f\u00fcr ein gro\u00dfes Foto\"><img decoding=\"async\" class=\"pic-small\" loading=\"lazy\" src=\"https:\/\/web-site-service.de\/beispiel-2\/wp-content\/uploads\/sites\/3\/2022\/02\/auto-antique-th.jpg\" alt=\"Kleines Foto Oldtimer 2\" width=\"120\" height=\"80\"><\/a><\/p>\n<div id=\"popup6\" class=\"overlay\">\n<div class=\"popup\">\n\t\t<img decoding=\"async\" class=\"pic-big\" title=\"Gro\u00dfes Foto Oldtimer 2\" loading=\"lazy\" src=\"https:\/\/web-site-service.de\/beispiel-2\/wp-content\/uploads\/sites\/3\/2022\/02\/auto-antique-big.jpg\" alt=\"Grosses Foto Oldtimer 2\" width=\"640\" height=\"427\"><br \/>\n\t\t<a class=\"close\" href=\"#pic6\">&times;<\/a>\n\t   <\/div>\n<\/div><\/div>\n<\/div>\n<\/div>\n<\/div>\n<div class=\"unten-box-mitte\">\n<h2><span class=\"farbe-h2-footer\">Kontaktieren Sie uns<\/span><\/h2>\n<p class=\"weiss\">Sie k\u00f6nnen die unten stehenden Daten nutzen, um mit uns in Kontakt zu treten.<br \/>\nWir sind immer f\u00fcr Sie da, 24 Stunden am Tag.<\/p>\n<p class=\"weiss\">Adresse:<br \/>\n&nbsp;&nbsp;&nbsp;&nbsp;Firmenname<br \/>\n&nbsp;&nbsp;&nbsp;&nbsp;Deine Stra\u00dfe 65<br \/>\n&nbsp;&nbsp;&nbsp;&nbsp;85005 Deine Stadt<\/p>\n<p class=\"mitte\"><a class=\"button\" id=\"anrufen\" href=\"tel:+351123456789\" title=\"Algarve Transport Service anrufen\"><b>&#9743;<\/b> +351 123 456 789<\/a><br \/>\n<a href=\"mailto:\" title=\"\u00d6ffnet eine neue E-mail\"><img decoding=\"async\" class=\"mail-foto\" loading=\"lazy\" title=\"Mail Firmenname Algarve Transport Service\" src=\"https:\/\/web-site-service.de\/beispiel-2\/wp-content\/uploads\/sites\/3\/2022\/02\/Mail-gelb-200x32-1.png\" alt=\"E-mail Firmenname\" width=\"200\" height=\"32\"><\/a><\/p>\n<\/div>\n<div class=\"unten-box-rechts\">\n<h2><span class=\"farbe-h2-footer\">\u00dcber uns<\/span><\/h2>\n<p class=\"mitte-weiss\"><img decoding=\"async\" class=\"uber-uns-foto\" loading=\"lazy\" title=\"\u00dcber uns Algarve Transport Service\" src=\"https:\/\/web-site-service.de\/beispiel-2\/wp-content\/uploads\/sites\/3\/2022\/02\/kontakt-110.jpg\" alt=\"\u00dcber uns Algarve Transport Service\" width=\"110\" height=\"115\"><br \/>\nFirmener\u00f6ffnung 1993<br \/>\nZertifizierte Mitarbeiter<br \/>\nKonkurrenzlos g\u00fcnstig<br \/>\nIndividueller Service<\/p>\n<p class=\"mitte\"><a id=\"gmaps-link\" href=\"#\" title=\"Resonanzen bei Google-Maps einsehen\/schreiben\">Resonanzen bei Google-Maps<\/a><\/p>\n<div class=\"sozial-ebene\">\n<p class=\"sozial-text\">\u00dcber eine Weiterempfehlung w\u00fcrden wir uns freuen<\/p>\n<div class=\"shariff shariff-align-center shariff-widget-align-center\" style=\"display:none\"><ul class=\"shariff-buttons theme-round orientation-horizontal buttonsize-medium\"><li class=\"shariff-button facebook shariff-nocustomcolor\" style=\"background-color:#4273c8\"><a href=\"https:\/\/www.facebook.com\/sharer\/sharer.php?u=https%3A%2F%2Fweb-site-service.de%2Fbeispiel-2%2F\" title=\"Bei Facebook teilen\" aria-label=\"Bei Facebook teilen\" role=\"button\" rel=\"nofollow\" class=\"shariff-link\" style=\"; background-color:#3b5998; color:#fff\" target=\"_blank\"><span class=\"shariff-icon\" style=\"\"><svg width=\"32px\" height=\"20px\" xmlns=\"http:\/\/www.w3.org\/2000\/svg\" viewBox=\"0 0 18 32\"><path fill=\"#3b5998\" d=\"M17.1 0.2v4.7h-2.8q-1.5 0-2.1 0.6t-0.5 1.9v3.4h5.2l-0.7 5.3h-4.5v13.6h-5.5v-13.6h-4.5v-5.3h4.5v-3.9q0-3.3 1.9-5.2t5-1.8q2.6 0 4.1 0.2z\"\/><\/svg><\/span><\/a><\/li><li class=\"shariff-button twitter shariff-nocustomcolor\" style=\"background-color:#595959\"><a href=\"https:\/\/twitter.com\/share?url=https%3A%2F%2Fweb-site-service.de%2Fbeispiel-2%2F&text=Startseite-de\" title=\"Bei X teilen\" aria-label=\"Bei X teilen\" role=\"button\" rel=\"noopener nofollow\" class=\"shariff-link\" style=\"; background-color:#000; color:#fff\" target=\"_blank\"><span class=\"shariff-icon\" style=\"\"><svg width=\"32px\" height=\"20px\" xmlns=\"http:\/\/www.w3.org\/2000\/svg\" viewBox=\"0 0 24 24\"><path fill=\"#000\" d=\"M14.258 10.152L23.176 0h-2.113l-7.747 8.813L7.133 0H0l9.352 13.328L0 23.973h2.113l8.176-9.309 6.531 9.309h7.133zm-2.895 3.293l-.949-1.328L2.875 1.56h3.246l6.086 8.523.945 1.328 7.91 11.078h-3.246zm0 0\"\/><\/svg><\/span><\/a><\/li><li class=\"shariff-button linkedin shariff-nocustomcolor\" style=\"background-color:#1488bf\"><a href=\"https:\/\/www.linkedin.com\/sharing\/share-offsite\/?url=https%3A%2F%2Fweb-site-service.de%2Fbeispiel-2%2F\" title=\"Bei LinkedIn teilen\" aria-label=\"Bei LinkedIn teilen\" role=\"button\" rel=\"noopener nofollow\" class=\"shariff-link\" style=\"; background-color:#0077b5; color:#fff\" target=\"_blank\"><span class=\"shariff-icon\" style=\"\"><svg width=\"32px\" height=\"20px\" xmlns=\"http:\/\/www.w3.org\/2000\/svg\" viewBox=\"0 0 27 32\"><path fill=\"#0077b5\" d=\"M6.2 11.2v17.7h-5.9v-17.7h5.9zM6.6 5.7q0 1.3-0.9 2.2t-2.4 0.9h0q-1.5 0-2.4-0.9t-0.9-2.2 0.9-2.2 2.4-0.9 2.4 0.9 0.9 2.2zM27.4 18.7v10.1h-5.9v-9.5q0-1.9-0.7-2.9t-2.3-1.1q-1.1 0-1.9 0.6t-1.2 1.5q-0.2 0.5-0.2 1.4v9.9h-5.9q0-7.1 0-11.6t0-5.3l0-0.9h5.9v2.6h0q0.4-0.6 0.7-1t1-0.9 1.6-0.8 2-0.3q3 0 4.9 2t1.9 6z\"\/><\/svg><\/span><\/a><\/li><li class=\"shariff-button whatsapp shariff-nocustomcolor\" style=\"background-color:#5cbe4a\"><a href=\"https:\/\/api.whatsapp.com\/send?text=https%3A%2F%2Fweb-site-service.de%2Fbeispiel-2%2F%20Startseite-de\" title=\"Bei Whatsapp teilen\" aria-label=\"Bei Whatsapp teilen\" role=\"button\" rel=\"noopener nofollow\" class=\"shariff-link\" style=\"; background-color:#34af23; color:#fff\" target=\"_blank\"><span class=\"shariff-icon\" style=\"\"><svg width=\"32px\" height=\"20px\" xmlns=\"http:\/\/www.w3.org\/2000\/svg\" viewBox=\"0 0 32 32\"><path fill=\"#34af23\" d=\"M17.6 17.4q0.2 0 1.7 0.8t1.6 0.9q0 0.1 0 0.3 0 0.6-0.3 1.4-0.3 0.7-1.3 1.2t-1.8 0.5q-1 0-3.4-1.1-1.7-0.8-3-2.1t-2.6-3.3q-1.3-1.9-1.3-3.5v-0.1q0.1-1.6 1.3-2.8 0.4-0.4 0.9-0.4 0.1 0 0.3 0t0.3 0q0.3 0 0.5 0.1t0.3 0.5q0.1 0.4 0.6 1.6t0.4 1.3q0 0.4-0.6 1t-0.6 0.8q0 0.1 0.1 0.3 0.6 1.3 1.8 2.4 1 0.9 2.7 1.8 0.2 0.1 0.4 0.1 0.3 0 1-0.9t0.9-0.9zM14 26.9q2.3 0 4.3-0.9t3.6-2.4 2.4-3.6 0.9-4.3-0.9-4.3-2.4-3.6-3.6-2.4-4.3-0.9-4.3 0.9-3.6 2.4-2.4 3.6-0.9 4.3q0 3.6 2.1 6.6l-1.4 4.2 4.3-1.4q2.8 1.9 6.2 1.9zM14 2.2q2.7 0 5.2 1.1t4.3 2.9 2.9 4.3 1.1 5.2-1.1 5.2-2.9 4.3-4.3 2.9-5.2 1.1q-3.5 0-6.5-1.7l-7.4 2.4 2.4-7.2q-1.9-3.2-1.9-6.9 0-2.7 1.1-5.2t2.9-4.3 4.3-2.9 5.2-1.1z\"\/><\/svg><\/span><\/a><\/li><\/ul><\/div><\/div>\n<\/div>\n<\/div>\n<\/div>\n<p><!-- bereich unter dem footer - - - - - - - - - - - - --><\/p>\n<div class=\"kopierrechte\">\n<p class=\"mitte\">Copyright \u00a9 <a title=\"Copyright \u00a9 Web-Site-Service.de\" href=\"https:\/\/web-site-service.de\/kontakt\/\">Web-Site-Service.de<\/a><\/p>\n<\/div>\n<p id=\"w-s-s\"><a title=\"Seite erstellt von: Web-Site-Service.de\" href=\"https:\/\/web-site-service.de\/\" target=\"_blank\" rel=\"noopener noreferrer\">Webseite erstellt von: Web-Site-Service.de<\/a><\/p>\n<\/div>\n","protected":false},"excerpt":{"rendered":"<p>Beispielseite &#8211; International Dieses Beispiel ist f\u00fcr mehrere Sprachen ausgelegt Besonderheiten dieser Seite: Zu jeder Sprache kann die Beschriftung des Logos (oben links) ge\u00e4ndert werden. Das bedeutet, zu jeder Sprache sollte ein entsprechendes Logo vorhanden sein. Beim Zusammenschieben des Fensters flie\u00dft der Text immer gut lesbar um das Foto herum. Dabei ver\u00e4ndert das Foto hin &#8230; <a title=\"Startseite-de\" class=\"read-more\" href=\"https:\/\/web-site-service.de\/beispiel-2\/\" aria-label=\"Mehr Informationen \u00fcber Startseite-de\">Weiterlesen<\/a><\/p>\n","protected":false},"author":1,"featured_media":0,"parent":0,"menu_order":0,"comment_status":"closed","ping_status":"closed","template":"","meta":{"footnotes":""},"class_list":["post-27","page","type-page","status-publish"],"_links":{"self":[{"href":"https:\/\/web-site-service.de\/beispiel-2\/wp-json\/wp\/v2\/pages\/27","targetHints":{"allow":["GET"]}}],"collection":[{"href":"https:\/\/web-site-service.de\/beispiel-2\/wp-json\/wp\/v2\/pages"}],"about":[{"href":"https:\/\/web-site-service.de\/beispiel-2\/wp-json\/wp\/v2\/types\/page"}],"author":[{"embeddable":true,"href":"https:\/\/web-site-service.de\/beispiel-2\/wp-json\/wp\/v2\/users\/1"}],"replies":[{"embeddable":true,"href":"https:\/\/web-site-service.de\/beispiel-2\/wp-json\/wp\/v2\/comments?post=27"}],"version-history":[{"count":26,"href":"https:\/\/web-site-service.de\/beispiel-2\/wp-json\/wp\/v2\/pages\/27\/revisions"}],"predecessor-version":[{"id":425,"href":"https:\/\/web-site-service.de\/beispiel-2\/wp-json\/wp\/v2\/pages\/27\/revisions\/425"}],"wp:attachment":[{"href":"https:\/\/web-site-service.de\/beispiel-2\/wp-json\/wp\/v2\/media?parent=27"}],"curies":[{"name":"wp","href":"https:\/\/api.w.org\/{rel}","templated":true}]}}